p = k - o. What are the prime factors of p?
2
Suppose 0 = -47*k + 44*k + 1362. List the prime factors of k.
2, 227
Let f(j) be the first derivative of j**4 - 2*j**3/3 - 3*j**2 + 2*j + 2. What are the prime factors of f(3)?
2, 37
Let b(k) = k**2 + 5*k - 25. List the prime factors of b(8).
79
Let o = -21 + 27. Suppose o*y - 152 = 274. What are the prime factors of y?
71
Suppose 6 = -5*f - 24. Let u(d) = -d**2 - 7*d - 2. Let j be u(f). Suppose 4*c - 3*y = 32, c - 2*y = -j*y + 19. What are the prime factors of c?
11
Let u = 132 + 45. Let z = u - 22. What are the prime factors of z?
5, 31
List the prime factors of (27462/15)/1 - (-5)/25.
1831
Let n = -195 + 803. Let j = n + -374. List the prime factors of j.
2, 3, 13
Let z be 14/(0 - 1/(-16)). Let v = 58 + z. List the prime factors of v.
2, 3, 47
Suppose 0 = 4*t - 2*t. Suppose t*r - 2*r + 22 = 2*m, -3*r = -m - 1. List the prime factors of m.
2
Let s be (-4)/(9/(27/(-6))). Suppose 4 = 4*j, h + s*j = j + 132. What are the prime factors of h?
131
Suppose 0 = -4*a + 4*h + 944, 0 = 3*a + 3*h - h - 728. List the prime factors of a.
2, 3, 5
Let p be (1 - -4)/(3 - 2). Suppose -7*m = -p*m. Suppose m = y - 18. List the prime factors of y.
2, 3
Let j be -2*-1*(-53)/(-2). Let m = j - 74. What are the prime factors of (28/3)/((-14)/m)?
2, 7
What are the prime factors of ((-30)/25)/((-15)/4250)?
2, 5, 17
Suppose 0 = -61*h + 45*h + 18080. List the prime factors of h.
2, 5, 113
Let r = 3 - -38. Suppose -m + 11 + r = 0. What are the prime factors of m?
2, 13
Let x = -878 + 1659. What are the prime factors of x?
11, 71
Suppose 0 = 2*q + 2*z - 4016 - 416, 3*q - 6636 = 3*z. What are the prime factors of q?
2, 3, 41
Suppose 0*o = -2*o + 4. Let l = 1 + o. Suppose 0 = -7*r + l*r + 192. What are the prime factors of r?
2, 3
Let s be -14 + 5/(-10)*-4. What are the prime factors of (-19)/2*(-3)/(s/(-40))?
5, 19
What are the prime factors of (17 - 18)*((-90440)/(-4))/(-5)?
2, 7, 17, 19
Let a(i) = -i**2 + 25*i - 6. Let q be a(25). What are the prime factors of (-1)/(q/388*17/51)?
2, 97
Suppose -488 = -9*u + 5*u. Suppose 5*k + 4*c = 147, u - 26 = 3*k + 5*c. What are the prime factors of k?
3
Let j(x) = x**3 + 13*x**2 - 8*x - 16. Let o be (26 + 0)*9/(-18). Let r be j(o). Suppose -28 = -2*m + r. What are the prime factors of m?
2, 29
List the prime factors of -6*(-8)/(-60) - 3908/(-10).
2, 3, 5, 13
List the prime factors of -7*(-9 - -2)*(-42)/(-2).
3, 7
Let f(v) = 12*v**2 + 197*v - 8. List the prime factors of f(-17).
3, 37
Suppose 0 = 2*h + 4 - 12. Suppose -h*d = -5*p + 656, -4*p - 3*d + 4*d + 516 = 0. List the prime factors of p.
2
Let d be (-2)/(-3) - (-1821)/9. Suppose -3*m - 142 = -5*m + 2*b, -3*m = -b - d. List the prime factors of m.
2, 3, 11
Suppose -5*u = 2*l - 113, 3*u + l - 71 = -4. Let k = u + -17. Suppose 2*f = -0*g - 4*g + 60, 0 = -k*f + 2*g + 120. What are the prime factors of f?
2, 3, 5
Let i(x) = -x + 12. Let m be i(12). Suppose m = n + 3*w - 18, 32 = -5*n - 4*w + 78. What are the prime factors of (-3 + -9)*(-4)/n?
2
Let t = 32 - 22. Suppose -5*p - 240 = -t*p. List the prime factors of p.
2, 3
Let m be 9/(-45) - 92/(-10). Suppose m*v - 11*v = -16. Suppose -3*a - 265 = -v*a. List the prime factors of a.
53
Let y(g) = -g**3 + 4*g**2 - 11*g - 25. What are the prime factors of y(-6)?
401
Let o be 2*-1*(-154 - 0/(-3)). Suppose -4*b + o = 7*b. What are the prime factors of b?
2, 7
Let d = 1949 + -486. What are the prime factors of d?
7, 11, 19
Let o = 16 - 15. Let j(i) = -4*i + 3 - 3 + 4 + o. What are the prime factors of j(-6)?
29
Let q(w) = w**3 + 27*w**2 - 93*w - 42. What are the prime factors of q(-30)?
2, 3
Let b = 34 + -34. Suppose -3*o + 40 = -0*q + 5*q, b = -4*o + 4*q. What are the prime factors of o?
5
Suppose -5*f + 5355 = 3*z, 31*f - 3*z - 2121 = 29*f. What are the prime factors of f?
2, 3, 89
Suppose -2*n = -3*n + 190. Let g = n + -120. Let d = -46 + g. What are the prime factors of d?
2, 3
Suppose 4*x + 0*d = d + 13, -x - 4*d = -16. Suppose 4*o = -x, -o - 183 = -2*y - 4*o. List the prime factors of y.
3, 31
Let l = -141 + 908. List the prime factors of l.
13, 59
What are the prime factors of (-3440)/(-14)*378/108?
2, 5, 43
Let a = 314 - 132. Let t = a - -19. Suppose -4*v = 2*u + u - 127, 4*v = -5*u + t. What are the prime factors of u?
37
Let i be 8/((-1 - -3)/1). Suppose 7 = 6*d - 23. Suppose -4*n - 104 = -4*a, -d*n = -i*a + 74 + 30. List the prime factors of a.
2, 13
Let y be (-5)/(-90)*68 + (-2)/(-9). Let r(z) = 11*z**2 - z - 11. List the prime factors of r(y).
7, 23
Let q = -9 + 30. Suppose -q*m = -4364 + 1109. List the prime factors of m.
5, 31
Suppose 4*q + 4*o = 20, -5*o = q - 4*q - 17. Suppose -v - 10 = 2*x, 5 - q = -2*v + 4*x. Let i(r) = r**2 + 4*r + 14. What are the prime factors of i(v)?
2, 13
Let t(p) be the third derivative of p**6/120 - p**5/60 - p**4/24 - p**3/2 - 3*p**2. Suppose -g = -2 - 1. List the prime factors of t(g).
2, 3
Suppose 0 = -x + 1 + 16. Suppose 15*i + 156 = x*i. List the prime factors of i.
2, 3, 13
Let b(v) = 6*v + 4. Let m(x) = 7*x + 4. Let w(q) = -5*b(q) + 4*m(q). Let p be w(-2). Suppose p*i - 5*i = -55. What are the prime factors of i?
11
Let f(x) = 4*x**2 - 3*x + 3. Let d(y) = -y**3 - 4*y**2 - 1. Let m be d(-4). Let z = 3 + m. List the prime factors of f(z).
13
Suppose -5*m + 2770 = 4*c, 4*m = 4*c - 0*c - 2788. Suppose 5*j + c = 3*s + 2*s, -s + 3*j + 129 = 0. What are the prime factors of s?
2, 3
Suppose 4*o - 3*l = 101, 2*o - l = -2*l + 53. Let r = 67 - o. List the prime factors of r.
41
Let v be ((-3)/((-9)/717))/(-1). Let z = v - -162. What are the prime factors of (-6)/15 - z/5?
3, 5
Let w be (1 + -1)/(4 + -2). Suppose -2*c = 4*f - 34, w*c = -3*c - 9. What are the prime factors of f?
2, 5
Let f be (-10)/4*64/(-80). Suppose -4*k + 4 = -f*k. List the prime factors of k.
2
Suppose 0 = -3*v + 8*v + 10. Let l(u) = 21*u**2 + 3*u + 2. Let a be l(v). What are the prime factors of (2 - a)*5/(-15)?
2, 13
Suppose -2*o + 716 = -7*g + 4*g, o - 3*g = 355. List the prime factors of o.
19
Let l(y) = 2*y**3 - 2*y**2 + 2*y + 5. Let h(x) = -6*x**3 + 5*x**2 - 5*x - 15. Let u(b) = 4*h(b) + 11*l(b). What are the prime factors of u(-3)?
5
Let q be ((-4)/1 - -3)*(-167 + 0). Suppose -3*y + 77 = -i - q, 176 = 2*y + 2*i. What are the prime factors of y?
83
Let r = -16 - -6. Let i = 2 + r. Let h(m) = m**3 + 7*m**2 - 12*m - 8. List the prime factors of h(i).
2, 3
Suppose -16*p = 5*p - 8337. What are the prime factors of p?
397
Suppose 37 = 3*p - 62. Let h = p + -18. List the prime factors of h.
3, 5
Let s = -14 + 17. What are the prime factors of 14 + s + (0 - 2)?
3, 5
Let j = 3318 - 6384. Let d be 2/(-8) - j/(-56). List the prime factors of (d - 0)*(-18)/15.
2, 3, 11
Let g(h) be the third derivative of h**4/2 - 7*h**3/3 - 6*h**2. Let p be g(8). Let a = p + -54. List the prime factors of a.
2, 7
Let n(j) = j**3 - 3*j**2 + 3*j - 1. Let r(y) = y**2 + 4*y. Let z be r(-6). Let d be (6/z)/((-1)/(-6)). List the prime factors of n(d).
2
Let q be 7/(-7) - (12 + -1). Let w be (-2 + 15/9)*q. Suppose 0*c + 3*c = -3*j + 150, 0 = w*c - 20. List the prime factors of j.
3, 5
Let d be (-10)/(-3) + (-4)/(-6). Let h(j) = 6 + 4 + 1 + d - j. What are the prime factors of h(5)?
2, 5
Let j = -2738 + 5061. List the prime factors of j.
23, 101
Let j = 1133 - 611. Suppose 726 = 16*x - j. List the prime factors of x.
2, 3, 13
Suppose 0 = -2*i + q + 12, -5 = -4*i - 5*q + 5. Suppose -7*w + 4*w + 2*o = -63, i*o + 100 = 5*w. Let v = w - 11. What are the prime factors of v?
2, 3
Let h(k) be the first derivative of 19*k**3/3 + 5*k**2/2 + k - 1. List the prime factors of h(-2).
67
Let z(s) = s**2 - 50*s - 18. What are the prime factors of z(-15)?
3, 11, 29
Suppose -5*x + 8 - 83 = 0. Suppose 0 = 4*p + p + 55. Let b = p - x. What are the prime factors of b?
2
Suppose 0 = q - k - 2152 - 253, -4*q - 3*k = -9585. List the prime factors of q.
2, 3, 5
Let b be 0/(6 - (6 + -3)). Suppose b = 4*s - 270 - 450. What are the prime factors of s?
2, 3, 5
Let r = -3996 - -5823. What are the prime factors of r?
3, 7, 29
Let w = 18 + -6. Suppose w*o - 8*o + 32 = 0. What are the prime factors of o/(-32) + (-190)/(-8)?
2, 3
Let z = -310 + 314. Let a(p) = p**3 - p**2 + p + 2. Let u be a(3). Suppose -z*w - f + u + 16 = 0, 21 = w + 4*f. What a